mine c(150).
133
Let h(m) = 189*m + 528. Calculate h(-6).
-606
Let a(b) = b**3 - 4*b**2 + 3085*b - 34720. Determine a(11).
62
Let w(y) = -y**3 - 15*y**2 + 976*y + 3890. Give w(-38).
14
Let f(c) = -24124*c - 5162485. Give f(-214).
51
Let g(f) = 453*f**2 - 13599*f + 165. Give g(30).
-105
Let w(b) = 151*b**3 + 10*b**2 - 7*b - 9. What is w(2)?
1225
Let h(g) = -2*g**2 - 2338*g - 217675. What is h(-102)?
-7
Let s(y) = y**3 - 127*y**2 + 592*y + 875. What is s(6)?
71
Let p(i) = 498*i + 25763. Calculate p(-52).
-133
Let p(k) = -k**3 + 1288*k**2 + 12979*k - 18. Calculate p(-10).
-8
Let m(r) = 120*r**2 - 2062*r + 144. Give m(17).
-230
Let j(f) = f**3 - 125*f**2 + 4*f - 297. Give j(125).
203
Let j(g) = g**2 - 24*g - 15. What is j(12)?
-159
Let d(j) = 13286*j + 478295. Give d(-36).
-1
Let k(c) = -53*c**2 - 273*c + 29. Determine k(-5).
69
Let c(h) = -2*h**2 + 2873*h + 8634. What is c(-3)?
-3
Let t(i) = 89*i + 1190. Determine t(12).
2258
Let r(w) = -172803*w - 1728029. Give r(-10).
1
Let y(t) = -t**3 + 15*t**2 + 95*t - 1327. Calculate y(14).
199
Let d(c) = -6*c**2 + 186*c - 1254. What is d(20)?
66
Let n(c) = -9121*c + 729677. Calculate n(80).
-3
Let w(d) = -d**3 + 6*d**2 - d - 594. Calculate w(0).
-594
Let r(l) = l**3 - 154*l**2 + 20*l - 3139. Determine r(154).
-59
Let r(l) = 18*l**2 - 850*l + 5790. Determine r(7).
722
Let f(o) = 16*o + 2378. Determine f(-43).
1690
Let h(v) = 3*v**2 + 126*v + 1974. Calculate h(-20).
654
Let x(b) = b**3 - 980*b**2 + 4773*b + 540. Calculate x(5).
30
Let c(s) = 384*s - 1191. Determine c(6).
1113
Let o(p) = -p**3 - 186*p**2 + 3228*p - 2595. Calculate o(-202).
-1787
Let k(v) = 5*v**2 - 3005*v - 55702. Give k(-18).
8
Let q(v) = 90*v**2 - 10708*v + 21. Determine q(119).
259
Let m(l) = -l**3 - 30*l**2 - 178*l + 87. Determine m(-21).
-144
Let x(k) = -528*k + 14002. Give x(29).
-1310
Let u(b) = -19145*b + 19151. Determine u(1).
6
Let k(s) = s**2 + 1283*s + 112859. Calculate k(-95).
-1
Let f(c) = 2*c**3 + 130*c**2 + 2108*c - 55. Determine f(-32).
73
Let j(k) = -209*k**2 - 79418*k + 763. Give j(-380).
3
Let m(i) = -3375*i - 1083396. Give m(-321).
-21
Let w(c) = c**3 - 21*c**2 + 106*c + 3. Give w(9).
-15
Let k(d) = -78527*d + 157039. Give k(2).
-15
Let w(z) = -z**3 - 260*z**2 + 1571*z + 145. Calculate w(6).
-5
Let k(r) = 41*r**3 - 389*r**2 - 771*r - 1. What is k(-2)?
-343
Let h(n) = n**3 + 40*n**2 - 176*n - 3788. Calculate h(-42).
76
Let j(d) = -7*d**3 - 1057*d**2 - 26024*d + 1913. Calculate j(-120).
-7
Let d(r) = r**2 + 790*r + 14649. Calculate d(-19).
0
Let b(t) = t**3 - 282*t - 1763. What is b(-7)?
-132
Let u(g) = g**3 + 50*g**2 - 376*g - 19661. What is u(-49)?
1164
Let b(g) = 23*g**2 + 5150*g - 795. Give b(-224).
-347
Let j(z) = 6247*z - 437654. Determine j(70).
-364
Let s(t) = 24826*t + 397212. What is s(-16)?
-4
Let x(u) = -u**3 + 29*u**2 + 30*u + 268. What is x(28)?
1892
Let p(r) = -98*r**3 + 6*r**2 + 18*r - 11. Calculate p(-2).
761
Let f(w) = -w**2 + 102*w + 12736. Calculate f(-73).
-39
Let l(z) = -216*z + 2754. Give l(18).
-1134
Let w(p) = -p**3 - 6*p**2 + 7*p + 209. Calculate w(-7).
209
Let p(n) = 367*n - 21205. Calculate p(58).
81
Let i(w) = -w**3 + 130*w**2 - 126*w - 198. What is i(129)?
189
Let b(v) = -2663127*v - 13315631. What is b(-5)?
4
Let q(h) = h**2 + 104587*h - 1464415. Determine q(14).
-1
Let n(x) = 50*x**2 + 6696*x - 200. What is n(-134)?
336
Let s(x) = -3*x**2 - 161*x + 325. Determine s(-31).
2433
Let j(v) = -17*v**2 - 19697*v - 19697. Calculate j(-1).
-17
Let h(d) = 10194*d + 632251. What is h(-62)?
223
Let c(x) = x**2 + 1800644*x + 5401920. Calculate c(-3).
-3
Let i(v) = -13*v**2 + 1500*v - 38219. Determine i(38).
9
Let o(n) = -16*n**2 - 346*n - 515. Determine o(-28).
-3371
Let r(o) = 1199*o + 24871. Calculate r(-21).
-308
Let l(b) = -3064*b + 30645. What is l(10)?
5
Let y(v) = -v**2 - 1856*v - 11095. Calculate y(-6).
5
Let u(i) = i**2 - 238*i + 13380. What is u(90)?
60
Let q(k) = 8*k**2 + 280*k + 5462. Calculate q(-17).
3014
Let k(r) = 67500*r - 674982. Give k(10).
18
Let i(p) = -3*p**3 + 32*p**2 + 481*p - 452. Give i(-9).
-2
Let w(p) = 14*p**2 + 987*p + 333. What is w(-70)?
-157
Let q(i) = -133*i**2 - 3041*i + 172. Give q(-23).
-242
Let s(p) = p**2 - 130*p + 78. What is s(127)?
-303
Let a(v) = -43*v + 1994. Calculate a(32).
618
Let k(a) = -a**3 + 12*a**2 + 21*a - 95. What is k(9)?
337
Let h(v) = 3144*v + 53414. Calculate h(-17).
-34
Let w(k) = 3663*k + 47. What is w(0)?
47
Let w(g) = 35*g**3 - 1575*g**2 + 2*g - 129. Calculate w(45).
-39
Let z(o) = 35*o - 1619. Determine z(44).
-79
Let v(c) = -78*c**2 + 4019*c - 12080. Determine v(3).
-725
Let h(p) = 5823*p + 116475. Give h(-20).
15
Let n(r) = -7163*r - 50559. Calculate n(-7).
-418
Let o(c) = c**2 + 25214*c + 1985664. Calculate o(-79).
-1
Let d(h) = 175*h**3 + 2973*h**2 - 34*h + 44. Calculate d(-17).
44
Let u(d) = -9917*d + 49409. What is u(5)?
-176
Let k(c) = 220*c + 6342. Calculate k(-28).
182
Let b(q) = 222795*q + 19383161. What is b(-87)?
-4
Let i(w) = 7*w**3 + 505*w**2 + 62*w - 49. Determine i(-72).
671
Let g(x) = -7*x**2 - 1236*x + 4395. Calculate g(-181).
-1216
Let j(t) = 2*t**2 + 157*t - 5656. What is j(27)?
41
Let s(z) = -z**3 - 8*z**2 + 2307*z + 34858. Determine s(-16).
-6
Let t(j) = -j**3 + 107*j**2 + 745*j + 6028. Calculate t(114).
-14
Let c(m) = 15456*m + 1406459. What is c(-91)?
-37
Let m(x) = 2*x**3 - 963*x**2 + 3344*x + 905. Calculate m(478).
-51
Let s(w) = -5152*w - 442948. Calculate s(-86).
124
Let n(u) = -5471*u - 48677. Give n(-9).
562
Let v(m) = -7*m**2 - 198*m + 1096. Give v(-33).
7
Let h(n) = 3462*n - 61415. Give h(18).
901
Let l(t) = -t**2 - 44*t + 301. Calculate l(-24).
781
Let d(f) = f**3 - 302*f**2 + 624*f - 7316. Calculate d(300).
-116
Let q(f) = -f**3 + 32*f**2 - 19009*f + 94375. What is q(5)?
5
Let m(t) = 16*t**2 + 3155*t + 636. Determine m(-197).
45
Let u(d) = -d**3 - 8*d**2 + 2481*d - 89. Give u(-54).
73
Let x(c) = 9116*c + 45483. Calculate x(-5).
-97
Let q(b) = 1078*b - 10045. What is q(9)?
-343
Let j(r) = -r**3 + 45*r**2 + 670*r - 28585. Calculate j(46).
119
Let a(n) = -3*n**3 - 9*n**2 + 12*n - 72. What is a(7)?
-1458
Let v(g) = -g**2 + 106340*g - 425352. Calculate v(4).
-8
Let t(b) = -12*b**2 + 57*b + 5003. What is t(-18)?
89
Let t(u) = -9*u**2 - 2449*u + 20176. Give t(8).
8
Let u(v) = -113*v**2 + 322*v - 165. What is u(2)?
27
Let f(v) = 1177*v**2 + 9350*v - 42. What is f(-8)?
486
Let c(y) = 2*y**3 - 39*y**2 - 3905*y + 242. Determine c(55).
242
Let a(g) = g**3 + 34*g**2 - 11*g - 1951. What is a(-32)?
449
Let u(v) = 10*v**2 + 315*v - 6347. Determine u(14).
23
Let h(j) = -19956*j + 299305. What is h(15)?
-35
Let d(k) = -3077*k - 476940. Calculate d(-155).
-5
Let j(c) = -c**2 + 2758*c + 52831. Determine j(-19).
68
Let b(u) = -461*u - 10759. Give b(-23).
-156
Let o(x) = -1749*x - 447793. Determine o(-256).
-49
Let j(q) = 140364*q + 1122910. Determine j(-8).
-2
Let b(f) = -43*f**3 - 122*f**2 + 1691*f + 5036. Give b(-3).
26
Let i(n) = 44*n**2 + 970*n + 4644. Give i(-15).
-6
Let c(v) = 3*v**3 + 362*v**2 + 439*v + 23883. Determine c(-120).
3
Let s(d) = -44*d**2 - 526*d + 2663. Give s(5).
-1067
Let j(f) = -17*f**3 - 43*f**2 - 527*f - 876. Give j(-2).
142
Let v(z) = z**2 + 648*z + 86971. What is v(-459)?
220
Let c(v) = 265*v - 2226. What is c(3)?
-1431
Let a(r) = -3*r**3 + 384*r**2 + 24006*r - 235. Give a(-46).
41
Let o(u) = u**3 + 27*u**2 - 167*u - 3186. Determine o(-29).
-25
Let x(t) = -5*t**2 + 5327*t - 5329. What is x(1)?
-7
Let p(u) = 3*u**2 - 480*u - 8414. What is p(176)?
34
Let i(p) = p**2 + 229*p - 1421. Calculate i(6).
-11
Let h(v) = -238*v - 3730. Calculate h(-19).
792
Let q(u) = -643*u - 61621. Calculate q(-98).
1393
Let g(y) = -23209*y - 46401. Give g(-2).
17
Let y(h) = -4183*h + 66889. Calculate y(16).
-39
Let x(l) = -10448*l - 177636. Give x(-17).
-20
Let k(v) = 6*v**3 + 275*v**2 + 543*v - 5. Calculate k(-2).
-39
Let i(u) = 12183*u + 36556. Calculate i(-3).
7
Let d(m) = -8*m**3 - 129*m**2 - 191*m - 63. Calculate d(-1).
7
Let u(k) = 89*k**2 - 1373*k + 507. Calculate u(15).
-63
Let x(k) = -17*k**3 - 1224*k**2 + 118*k + 8507. Determine x(-72).
11
Let h(k) = k**3 + 3*k**2 - 43*k + 57. Give h(5).
42
Let n(q) = -q**2 - 14039*q - 6. What is n(0)?
-6
Let z(i) = 6373*i + 133633. Determine z(-21).
-200
Let x(i) = -7233*i - 2893